{"id":316,"date":"2020-12-23T08:13:18","date_gmt":"2020-12-23T08:13:18","guid":{"rendered":"https:\/\/demo.mysterythemes.com\/news-portal\/?page_id=316"},"modified":"2026-05-12T16:25:44","modified_gmt":"2026-05-12T19:25:44","slug":"blog","status":"publish","type":"page","link":"https:\/\/gazetapalmeirense.com.br\/new\/blog\/","title":{"rendered":"Not\u00edcias"},"content":{"rendered":"\n<div style=\"height:15px\" aria-hidden=\"true\" class=\"wp-block-spacer\"><\/div>\n\n\n\n<div class=\"wp-block-columns is-layout-flex wp-container-core-columns-is-layout-9d6595d7 wp-block-columns-is-layout-flex\">\n<div class=\"wp-block-column is-layout-flow wp-block-column-is-layout-flow\" style=\"flex-basis:66.66%\"><div id=\"cv-list-post-layout\" class=\"block-d4608297-a72e-4b4f-8741-1455db1b1ec4 cv-block cv-block-list--layout-one\">    <div class=\"cv-post-wrapper cv-post--imagemargin column--one\">\r\n                        <article post-id=\"post-634\" class=\"cv-post post-format--standard\" itemscope itemtype=\"http:\/\/schema.org\/articleBody\">\r\n                    <div class=\"cv-post-left-wrap\">\r\n                        <div class=\"cv-post-thumb\">\r\n                            <a href=\"https:\/\/gazetapalmeirense.com.br\/new\/santa-cruz-das-palmeiras-celebra-150-anos-de-historia-no-dia-3-de-maio\/\"><img decoding=\"async\" src=\"https:\/\/gazetapalmeirense.com.br\/new\/wp-content\/uploads\/2026\/05\/150anos-santa-cruz-das-palmeiras.jpg\" alt=\"Santa Cruz das Palmeiras celebra 150 anos de hist\u00f3ria no dia 3 de maio\"\/><\/a>\r\n                        <\/div>\r\n                    <\/div><!-- .cv-post-left-wrap -->\r\n                    <div class=\"cv-post-right-wrap\">\r\n                        <div class=\"cv-post-cats-wrap\"><span class=\"cv-post-cat\"><a href=\"https:\/\/gazetapalmeirense.com.br\/new\/category\/a-regiao\/\">A Regi\u00e3o<\/a><\/span><span class=\"cv-post-cat\"><a href=\"https:\/\/gazetapalmeirense.com.br\/new\/category\/s-c-palmeiras\/\">Santa Cruz das Palmeiras<\/a><\/span><\/div>                        <h2 class=\"cv-post-title\">\r\n                            <a href=\"https:\/\/gazetapalmeirense.com.br\/new\/santa-cruz-das-palmeiras-celebra-150-anos-de-historia-no-dia-3-de-maio\/\" target=\"_self\">\r\n                                Santa Cruz das Palmeiras celebra 150 anos de hist\u00f3ria no dia 3 de maio                            <\/a>\r\n                        <\/h2>\r\n                        <div class=\"cv-post-meta cv-meta-icon-show\">\r\n                            <span class=\"cv-post-date cv-post-meta-item\" itemprop=\"datePublished\"><a href=\"https:\/\/gazetapalmeirense.com.br\/new\/santa-cruz-das-palmeiras-celebra-150-anos-de-historia-no-dia-3-de-maio\/\">12 de maio de 2026<\/a><\/span>                        <\/div>\r\n                        <div class=\"cv-post-content\" itemprop=\"description\">O munic\u00edpio de Santa Cruz das Palmeiras se prepara para comemorar um marco hist\u00f3rico: 150&hellip;<\/div>                                            <\/div><!-- .cv-post-right-wrap -->\r\n                <\/article>\r\n                        <article post-id=\"post-631\" class=\"cv-post post-format--standard\" itemscope itemtype=\"http:\/\/schema.org\/articleBody\">\r\n                    <div class=\"cv-post-left-wrap\">\r\n                        <div class=\"cv-post-thumb\">\r\n                            <a href=\"https:\/\/gazetapalmeirense.com.br\/new\/empresarios-da-cidade-e-regiao-debatem-mudancas-na-nr-1-em-palestra-tecnica\/\"><img decoding=\"async\" src=\"https:\/\/gazetapalmeirense.com.br\/new\/wp-content\/uploads\/2026\/05\/nr1.jpeg\" alt=\"Empres\u00e1rios da cidade e regi\u00e3o debatem mudan\u00e7as na NR 1 em palestra t\u00e9cnica\"\/><\/a>\r\n                        <\/div>\r\n                    <\/div><!-- .cv-post-left-wrap -->\r\n                    <div class=\"cv-post-right-wrap\">\r\n                        <div class=\"cv-post-cats-wrap\"><span class=\"cv-post-cat\"><a href=\"https:\/\/gazetapalmeirense.com.br\/new\/category\/a-regiao\/\">A Regi\u00e3o<\/a><\/span><span class=\"cv-post-cat\"><a href=\"https:\/\/gazetapalmeirense.com.br\/new\/category\/s-c-palmeiras\/\">Santa Cruz das Palmeiras<\/a><\/span><\/div>                        <h2 class=\"cv-post-title\">\r\n                            <a href=\"https:\/\/gazetapalmeirense.com.br\/new\/empresarios-da-cidade-e-regiao-debatem-mudancas-na-nr-1-em-palestra-tecnica\/\" target=\"_self\">\r\n                                Empres\u00e1rios da cidade e regi\u00e3o debatem mudan\u00e7as na NR 1 em palestra t\u00e9cnica                            <\/a>\r\n                        <\/h2>\r\n                        <div class=\"cv-post-meta cv-meta-icon-show\">\r\n                            <span class=\"cv-post-date cv-post-meta-item\" itemprop=\"datePublished\"><a href=\"https:\/\/gazetapalmeirense.com.br\/new\/empresarios-da-cidade-e-regiao-debatem-mudancas-na-nr-1-em-palestra-tecnica\/\">12 de maio de 2026<\/a><\/span>                        <\/div>\r\n                        <div class=\"cv-post-content\" itemprop=\"description\">Na \u00faltima quarta-feira (22), o Sal\u00e3o de Eventos da Associa\u00e7\u00e3o Comercial de Santa Cruz das&hellip;<\/div>                                            <\/div><!-- .cv-post-right-wrap -->\r\n                <\/article>\r\n                        <article post-id=\"post-627\" class=\"cv-post post-format--standard\" itemscope itemtype=\"http:\/\/schema.org\/articleBody\">\r\n                    <div class=\"cv-post-left-wrap\">\r\n                        <div class=\"cv-post-thumb\">\r\n                            <a href=\"https:\/\/gazetapalmeirense.com.br\/new\/tambau-policia-ambiental-autua-patio-madeireiro-por-irregularidades-no-estoque\/\"><img decoding=\"async\" src=\"https:\/\/gazetapalmeirense.com.br\/new\/wp-content\/uploads\/2026\/05\/tambau_policia_ambiental_autua.jpg\" alt=\"Tamba\u00fa: Pol\u00edcia Ambiental autua p\u00e1tio madeireiro por irregularidades no estoque\"\/><\/a>\r\n                        <\/div>\r\n                    <\/div><!-- .cv-post-left-wrap -->\r\n                    <div class=\"cv-post-right-wrap\">\r\n                        <div class=\"cv-post-cats-wrap\"><span class=\"cv-post-cat\"><a href=\"https:\/\/gazetapalmeirense.com.br\/new\/category\/a-regiao\/\">A Regi\u00e3o<\/a><\/span><span class=\"cv-post-cat\"><a href=\"https:\/\/gazetapalmeirense.com.br\/new\/category\/tambau\/\">Tamba\u00fa<\/a><\/span><\/div>                        <h2 class=\"cv-post-title\">\r\n                            <a href=\"https:\/\/gazetapalmeirense.com.br\/new\/tambau-policia-ambiental-autua-patio-madeireiro-por-irregularidades-no-estoque\/\" target=\"_self\">\r\n                                Tamba\u00fa: Pol\u00edcia Ambiental autua p\u00e1tio madeireiro por irregularidades no estoque                            <\/a>\r\n                        <\/h2>\r\n                        <div class=\"cv-post-meta cv-meta-icon-show\">\r\n                            <span class=\"cv-post-date cv-post-meta-item\" itemprop=\"datePublished\"><a href=\"https:\/\/gazetapalmeirense.com.br\/new\/tambau-policia-ambiental-autua-patio-madeireiro-por-irregularidades-no-estoque\/\">12 de maio de 2026<\/a><\/span>                        <\/div>\r\n                        <div class=\"cv-post-content\" itemprop=\"description\">No \u00faltimo dia 23, quinta-feira, o 2\u00ba Pelot\u00e3o da 2\u00aa Companhia do 5\u00ba Batalh\u00e3o de&hellip;<\/div>                                            <\/div><!-- .cv-post-right-wrap -->\r\n                <\/article>\r\n                        <article post-id=\"post-624\" class=\"cv-post post-format--standard\" itemscope itemtype=\"http:\/\/schema.org\/articleBody\">\r\n                    <div class=\"cv-post-left-wrap\">\r\n                        <div class=\"cv-post-thumb\">\r\n                            <a href=\"https:\/\/gazetapalmeirense.com.br\/new\/homem-e-preso-por-trafico-de-drogas-em-santa-cruz-das-palmeiras\/\"><img decoding=\"async\" src=\"https:\/\/gazetapalmeirense.com.br\/new\/wp-content\/uploads\/2026\/05\/homem-e-preso-por-trafico-santa-cruz-das-palmeiras.jpeg\" alt=\"Homem \u00e9 preso por tr\u00e1fico de drogas em Santa Cruz das Palmeiras\"\/><\/a>\r\n                        <\/div>\r\n                    <\/div><!-- .cv-post-left-wrap -->\r\n                    <div class=\"cv-post-right-wrap\">\r\n                        <div class=\"cv-post-cats-wrap\"><span class=\"cv-post-cat\"><a href=\"https:\/\/gazetapalmeirense.com.br\/new\/category\/s-c-palmeiras\/\">Santa Cruz das Palmeiras<\/a><\/span><\/div>                        <h2 class=\"cv-post-title\">\r\n                            <a href=\"https:\/\/gazetapalmeirense.com.br\/new\/homem-e-preso-por-trafico-de-drogas-em-santa-cruz-das-palmeiras\/\" target=\"_self\">\r\n                                Homem \u00e9 preso por tr\u00e1fico de drogas em Santa Cruz das Palmeiras                            <\/a>\r\n                        <\/h2>\r\n                        <div class=\"cv-post-meta cv-meta-icon-show\">\r\n                            <span class=\"cv-post-date cv-post-meta-item\" itemprop=\"datePublished\"><a href=\"https:\/\/gazetapalmeirense.com.br\/new\/homem-e-preso-por-trafico-de-drogas-em-santa-cruz-das-palmeiras\/\">12 de maio de 2026<\/a><\/span>                        <\/div>\r\n                        <div class=\"cv-post-content\" itemprop=\"description\">Na madrugada desta quarta-feira (29), a Pol\u00edcia Militar, atrav\u00e9s da 2\u00aa Cia do 24\u00ba BPM\/I,&hellip;<\/div>                                            <\/div><!-- .cv-post-right-wrap -->\r\n                <\/article>\r\n            <\/div><\/div><\/div>\n\n\n\n<div class=\"wp-block-column is-layout-flow wp-block-column-is-layout-flow\" style=\"flex-basis:33.33%\"><div id=\"cv-grid-post-layout\" class=\"block-f8db47c1-8a25-4858-9182-326475335aec cv-block cv-block-grid--layout-one\"><h2 class=\"cv-block-title align--left layout--one\"><span>Most Read<\/span><\/h2>    <div class=\"cv-post-wrapper cv-post--imagemargin column--one\">\r\n        <\/div><\/div>\n<\/div>\n\n\n<div id=\"cv-masonry-post-layout\" class=\"block-82d705f0-e437-43ab-b7f6-fe82c3a9badc cv-block cv-masonry-post-layout cv-block-masonry--layout-two cv-block-grid--layout-two\"><h2 class=\"cv-block-title align--left layout--one\"><span>Featured blogs<\/span><\/h2>    <div class=\"cv-post-wrapper cv-post--imagemargin column--three\">\r\n        <\/div>","protected":false},"excerpt":{"rendered":"","protected":false},"author":1,"featured_media":0,"parent":0,"menu_order":0,"comment_status":"closed","ping_status":"closed","template":"","meta":{"footnotes":""},"class_list":["post-316","page","type-page","status-publish","hentry"],"blog_post_layout_featured_media_urls":{"thumbnail":"","full":""},"categories_names":null,"comments_number":"0","wpmagazine_modules_lite_featured_media_urls":{"thumbnail":"","cvmm-medium":"","cvmm-medium-plus":"","cvmm-portrait":"","cvmm-medium-square":"","cvmm-large":"","cvmm-small":"","full":""},"_links":{"self":[{"href":"https:\/\/gazetapalmeirense.com.br\/new\/wp-json\/wp\/v2\/pages\/316","targetHints":{"allow":["GET"]}}],"collection":[{"href":"https:\/\/gazetapalmeirense.com.br\/new\/wp-json\/wp\/v2\/pages"}],"about":[{"href":"https:\/\/gazetapalmeirense.com.br\/new\/wp-json\/wp\/v2\/types\/page"}],"author":[{"embeddable":true,"href":"https:\/\/gazetapalmeirense.com.br\/new\/wp-json\/wp\/v2\/users\/1"}],"replies":[{"embeddable":true,"href":"https:\/\/gazetapalmeirense.com.br\/new\/wp-json\/wp\/v2\/comments?post=316"}],"version-history":[{"count":1,"href":"https:\/\/gazetapalmeirense.com.br\/new\/wp-json\/wp\/v2\/pages\/316\/revisions"}],"predecessor-version":[{"id":551,"href":"https:\/\/gazetapalmeirense.com.br\/new\/wp-json\/wp\/v2\/pages\/316\/revisions\/551"}],"wp:attachment":[{"href":"https:\/\/gazetapalmeirense.com.br\/new\/wp-json\/wp\/v2\/media?parent=316"}],"curies":[{"name":"wp","href":"https:\/\/api.w.org\/{rel}","templated":true}]}}